ed by 282?
254
Calculate the remainder when 100497 is divided by 134.
131
What is the remainder when 1400 is divided by 6?
2
Calculate the remainder when 4843 is divided by 606.
601
What is the remainder when 566924 is divided by 6?
2
Calculate the remainder when 7911 is divided by 1972.
23
What is the remainder when 9648 is divided by 9593?
55
What is the remainder when 379989 is divided by 75993?
24
What is the remainder when 3640 is divided by 1183?
91
Calculate the remainder when 8375 is divided by 1474.
1005
Calculate the remainder when 10329 is divided by 5113.
103
What is the remainder when 6753 is divided by 2945?
863
What is the remainder when 4068 is divided by 163?
156
What is the remainder when 278 is divided by 196?
82
Calculate the remainder when 33474 is divided by 45.
39
Calculate the remainder when 11269 is divided by 626.
1
What is the remainder when 744062 is divided by 486?
482
Calculate the remainder when 1140357 is divided by 215.
212
What is the remainder when 390949 is divided by 39094?
9
Calculate the remainder when 1895 is divided by 293.
137
What is the remainder when 4105 is divided by 1194?
523
Calculate the remainder when 4082 is divided by 994.
106
What is the remainder when 9906 is divided by 1097?
33
Calculate the remainder when 10208 is divided by 84.
44
Calculate the remainder when 1333911 is divided by 1521.
1515
What is the remainder when 13347 is divided by 31?
17
Calculate the remainder when 2894 is divided by 400.
94
Calculate the remainder when 15800 is divided by 84.
8
What is the remainder when 42053 is divided by 14015?
8
Calculate the remainder when 3150 is divided by 51.
39
What is the remainder when 23481 is divided by 117?
81
Calculate the remainder when 54538 is divided by 18170.
28
What is the remainder when 155537 is divided by 154?
151
What is the remainder when 716182 is divided by 294?
292
What is the remainder when 200301 is divided by 125?
51
Calculate the remainder when 776697 is divided by 917.
915
Calculate the remainder when 67133 is divided by 8.
5
Calculate the remainder when 627728 is divided by 13.
10
What is the remainder when 266063 is divided by 158?
149
Calculate the remainder when 5383 is divided by 3.
1
Calculate the remainder when 408262 is divided by 65.
62
What is the remainder when 4000 is divided by 241?
144
What is the remainder when 15563 is divided by 623?
611
What is the remainder when 20771 is divided by 1020?
371
What is the remainder when 3969 is divided by 166?
151
What is the remainder when 626236 is divided by 18?
16
What is the remainder when 22585 is divided by 24?
1
What is the remainder when 58854 is divided by 62?
16
What is the remainder when 1607 is divided by 273?
242
Calculate the remainder when 1060781 is divided by 165.
161
What is the remainder when 5983 is divided by 271?
21
What is the remainder when 2258018 is divided by 564504?
2
What is the remainder when 73049 is divided by 24349?
2
What is the remainder when 65027 is divided by 287?
165
What is the remainder when 15969 is divided by 242?
239
What is the remainder when 2409 is divided by 197?
45
Calculate the remainder when 13658 is divided by 2275.
8
Calculate the remainder when 11198 is divided by 41.
5
Calculate the remainder when 2323 is divided by 511.
279
Calculate the remainder when 64731 is divided by 1.
0
What is the remainder when 288645 is divided by 115?
110
What is the remainder when 6337 is divided by 24?
1
Calculate the remainder when 6796 is divided by 18.
10
Calculate the remainder when 15754 is divided by 3077.
369
Calculate the remainder when 47958 is divided by 199.
198
What is the remainder when 15511 is divided by 115?
101
Calculate the remainder when 293841 is divided by 6.
3
Calculate the remainder when 14574 is divided by 1619.
3
Calculate the remainder when 107652 is divided by 637.
636
Calculate the remainder when 65828 is divided by 12.
8
What is the remainder when 1772 is divided by 89?
81
Calculate the remainder when 125596 is divided by 17941.
9
What is the remainder when 45636 is divided by 1267?
24
Calculate the remainder when 3509 is divided by 347.
39
What is the remainder when 1756431 is divided by 242?
237
What is the remainder when 7222 is divided by 724?
706
Calculate the remainder when 75874 is divided by 52.
6
Calculate the remainder when 29190 is divided by 29167.
23
Calculate the remainder when 9508 is divided by 678.
16
What is the remainder when 12477 is divided by 20?
17
What is the remainder when 5531 is divided by 1051?
276
What is the remainder when 13005 is divided by 1840?
125
What is the remainder when 5716 is divided by 2851?
14
What is the remainder when 6857 is divided by 191?
172
Calculate the remainder when 82419 is divided by 82377.
42
What is the remainder when 292244 is divided by 451?
447
Calculate the remainder when 2322 is divided by 305.
187
Calculate the remainder when 3764 is divided by 3745.
19
Calculate the remainder when 1928 is divided by 136.
24
Calculate the remainder when 254829 is divided by 1448.
1429
What is the remainder when 4998 is divided by 1662?
12
Calculate the remainder when 811229 is divided by 405604.
21
Calculate the remainder when 10106 is divided by 115.
101
What is the remainder when 3088639 is divided by 19?
18
What is the remainder when 338 is divided by 243?
95
Calculate the remainder when 106104 is divided by 104.
24
Calculate the remainder when 3471 is divided by 342.
51
Calculate the remainder when 2658 is divided by 38.
36
Calculate the remainder when 509 is divided by 485.
24
What is the remainder when 8713 is divided by 629?
536
Calculate the remainder when 1595565 is divided by 13.
10
Calculate the remainder when 205580 is divided by 499.
491
What is the remainder when 2111 is divided by 393?
146
Calculate the remainder when 45137 is divided by 128.
81
Calculate the remainder when 6116 is divided by 306.
302
What is the remainder when 5711 is divided by 2850?
11
Calculate the remainder when 4078 is divided by 144.
46
What is the remainder when 86036 is divided by 120?
116
Calculate the remainder when 437995 is divided by 396.
19
What is the remainder when 1215610 is divided by 107?
90
Calculate the remainder when 4133963 is divided by 605.
603
Calculate the remainder when 1533344 is divided by 33.
32
Calculate the remainder when 18926 is divided by 60.
26
Calculate the remainder when 32185 is divided by 467.
429
Calculate the remainder when 2014 is divided by 1715.
299
Calculate the remainder when 230920 is divided by 13583.
9
Calculate the remainder when 286791 is divided by 57358.
1
What is the remainder when 2600 is divided by 855?
35
What is the remainder when 30248 is divided by 10?
8
What is the remainder when 1824 is divided by 1821?
3
Calculate the remainder when 1124 is divided by 299.
227
Calculate the remainder when 52743 is divided by 19.
18
What is the remainder when 19318 is divided by 460?
458
What is the remainder when 351544 is divided by 2566?
2
Calculate the remainder when 25066 is divided by 1789.
20
What is the remainder when 315879 is divided by 78967?
11
What is the remainder when 1305931 is divided by 12557?
3
Calculate the remainder when 245837 is divided by 175.
137
Calculate the remainder when 35126 is divided by 11599.
329
What is the remainder when 33548 is divided by 33525?
23
What is the remainder when 765 is divided by 288?
189
Calculate the remainder when 378237 is divided by 60.
57
What is the remainder when 4923 is divided by 23?
1
Calculate the remainder when 205118 is divided by 18647.
1
What is the remainder when 1842 is divided by 1560?
282
Calculate the remainder when 9432 is divided by 2882.
786
What is the remainder when 203 is divided by 11?
5
Calculate the remainder when 468873 is divided by 429.
405
What is the remainder when 7755 is divided by 15?
0
Calculate the remainder when 32706 is divided by 52.
50
Calculate the remainder when 423 is divided by 26.
7
What is the remainder when 6804 is divided by 25?
4
What is the remainder when 45770 is divided by 55?
10
What is the remainder when 1276019 is divided by 22?
19
What is the remainder when 8504 is divided by 105?
104
Calculate the remainder when 1867 is divided by 22.
19
Calculate the remaind